3031 - -2?
-2022311203023
In base 8, what is 361 + -53306?
-52725
In base 13, what is 87 + a65569?
a65623
In base 11, what is 66755968 - -2?
6675596a
In base 12, what is 254662a + 9?
2546637
In base 3, what is 2211211 - -21102201?
101021112
In base 3, what is -202 + 20200112112102?
20200112111200
In base 16, what is -55c0 - 4b18?
-a0d8
In base 11, what is -18531a - 4?
-185323
In base 7, what is -65235143 - 14?
-65235160
In base 3, what is 1201200010 - -121211?
1202021221
In base 6, what is 5252 + 144405?
154101
In base 16, what is 26a0 - 11976?
-f2d6
In base 6, what is -525 + 524152?
523223
In base 7, what is -1 + 31431343?
31431342
In base 13, what is -317cc8 - -1c?
-317ca9
In base 13, what is 5a - -92a2?
932c
In base 6, what is -1004351322 - 12?
-1004351334
In base 16, what is 36 - 15891?
-1585b
In base 6, what is 1540241 + 5240?
1545521
In base 12, what is 4 - -1b962a?
1b9632
In base 16, what is -2d02 - -131f?
-19e3
In base 16, what is -a6754 - -101?
-a6653
In base 11, what is 10 - 196a10?
-196a00
In base 3, what is 1000220 + -1002012211210?
-1002011210220
In base 7, what is 3416 - -322432?
326151
In base 6, what is -10352023001 + -4?
-10352023005
In base 15, what is -12 - -a0147?
a0135
In base 16, what is -1c7 - 2fb6f?
-2fd36
In base 3, what is 20022012 - -2011221?
22111010
In base 10, what is 9 + -47126271?
-47126262
In base 2, what is -1110 + 1011011110000100100001?
1011011110000100010011
In base 2, what is -1001010011000101101 - -10101?
-1001010011000011000
In base 2, what is -11000000000011101000010 + 10001101?
-11000000000011010110101
In base 7, what is 5 - -234365645?
234365653
In base 9, what is 33 + 742854?
742887
In base 13, what is bc4 - 1008c5?
-cca01
In base 9, what is 4 - -8243025?
8243030
In base 10, what is 140 + -805549?
-805409
In base 11, what is -3033 - 1a98?
-5020
In base 3, what is -111200221022200 - -210?
-111200221021220
In base 2, what is -100 - 101111111000001110111111?
-101111111000001111000011
In base 7, what is -30316455 - 4?
-30316462
In base 7, what is -611 - -41226?
40315
In base 3, what is 0 + -101102121121111002?
-101102121121111002
In base 7, what is 5531160 + -110?
5531050
In base 15, what is 8 + 1226b5?
1226bd
In base 2, what is 11010011000001 - -100000001001?
11110011001010
In base 12, what is 0 + -22503512?
-22503512
In base 16, what is -df05 + 31ad?
-ad58
In base 4, what is 113312 - -10303012?
11022330
In base 16, what is 4 - 2532411?
-253240d
In base 2, what is -10100101101110011011110 + -100?
-10100101101110011100010
In base 15, what is -da + -2494e?
-24a39
In base 3, what is 2 - -112112112110?
112112112112
In base 16, what is -eb40e7 + -a?
-eb40f1
In base 4, what is -200312 - 1321301101?
-1322102013
In base 13, what is 11 - 7aac0b5?
-7aac0a4
In base 13, what is -62 - -330ac?
3304a
In base 12, what is 2720b873 - -2?
2720b875
In base 4, what is 2320112 + 322201?
3302313
In base 9, what is -1 + 535262680?
535262678
In base 12, what is -282 + -6a49?
-710b
In base 12, what is 952225a - 1?
9522259
In base 13, what is 2846210 - a?
2846203
In base 10, what is -19395970 + 4?
-19395966
In base 16, what is -2d50d9 + a3?
-2d5036
In base 4, what is 11213023202 + 13?
11213023221
In base 12, what is -3528 + -381?
-38a9
In base 5, what is 124 - 322313301?
-322313122
In base 10, what is -123898745 + -2?
-123898747
In base 3, what is -1000101022011 + -21012?
-1000101120100
In base 7, what is -3133320356 - 5?
-3133320364
In base 11, what is -38 - -12aa53?
12aa16
In base 12, what is 10 - 15b42153?
-15b42143
In base 10, what is -148573 - 5387?
-153960
In base 11, what is 3 - 56a3197?
-56a3194
In base 5, what is 302 + 331202?
332004
In base 7, what is -3 - 1514040635?
-1514040641
In base 8, what is -10044 + -3647?
-13713
In base 3, what is 20100 + -2102112122?
-2102022022
In base 8, what is 401 + -127142?
-126541
In base 2, what is 110000111110 - -1000011011?
111001011001
In base 8, what is -130 + -3515574?
-3515724
In base 13, what is -5 - -5ca6b1?
5ca6a9
In base 3, what is 11 + -200000220110002?
-200000220102221
In base 2, what is -10000001101100 - 11000111000011?
-101001000101111
In base 14, what is 0 - 55cba5a?
-55cba5a
In base 11, what is 141 + -21a137?
-219aa6
In base 13, what is 3 - a74ba?
-a74b7
In base 12, what is 13 + -20b5852?
-20b583b
In base 2, what is -10111010 + 1001101001110110001?
1001101001011110111
In base 6, what is -5433154 + 1450?
-5431304
In base 7, what is -11516 - -342?
-11144
In base 16, what is 33aea99 + 5?
33aea9e
In base 5, what is 122224 - -33023?
210302
In base 12, what is 24272a3 + -1?
24272a2
In base 3, what is 101100120 + -102012?
100221101
In base 11, what is -139068 - 52a?
-139597
In base 13, what is -75 - 255c?
-2604
In base 6, what is -11322550 - -3021?
-11315525
In base 14, what is -5 - -1893ba6?
1893ba1
In base 6, what is 110145 - -1025?
111214
In base 15, what is 634090 - 0?
634090
In base 10, what is -3 - -3949149?
3949146
In base 4, what is 3 - -3111301032220?
3111301032223
In base 13, what is -11a992 + -c1?
-11aa83
In base 2, what is -100100 + 10000101111000101110?
10000101111000001010
In base 12, what is 3165 - 36649?
-334a4
In base 11, what is 979216a5 - -5?
979216aa
In base 8, what is 4233746 - -12?
4233760
In base 5, what is 13313 - -3222032?
3240400
In base 7, what is 425 - 2456106?
-2455351
In base 8, what is -1271 - -1232?
-37
In base 11, what is 3 + 84481284?
84481287
In base 10, what is -18 + 121779?
121761
In base 3, what is -121120112020220 + -21?
-121120112021011
In base 5, what is 4334 - -402432?
412321
In base 16, what is 8b22 - -1315?
9e37
In base 10, what is -12020 - -808?
-11212
In base 10, what is -1430447 + 22?
-1430425
In base 10, what is -36 + -177374?
-177410
In base 7, what is 50316 - -1443?
52062
In base 10, what is -955 - 13998?
-14953
In base 15, what is -39 + e5cc8?
e5c8e
In base 7, what is -14100046 - 62?
-14100141
In base 2, what is 101001111111 + -110010001100000010?
-110001100010000011
In base 9, what is 12 + -3632845?
-3632833
In base 6, what is 3 + 403512433?
403512440
In base 14, what is 3 + -1cd2204?
-1cd2201
In base 3, what is 1200221021012020 + -2200?
1200221021002120
In base 13, what is -4765 + -18b3?
-6348
In base 16, what is -b - 1a46d?
-1a478
In base 7, what is 64 - -215635516?
215635613
In base 14, what is 3d68a - 26b?
3d41d
In base 6, what is 1 - 10120320311?
-10120320310
In base 7, what is 1 - -10512113?
10512114
In base 16, what is -26d7 + 1c1?
-2516
In base 4, what is 2012 - 10201030212?
-10201022200
In base 16, what is 702c + a2?
70ce
In base 14, what is 70b6a - 40?
70b2a
In base 12, what is 8a17 + 9?
8a24
In base 13, what is 20 - 18129b3?
-1812993
In base 6, what is -1014 + -201220?
-202234
In base 6, what is -2 - -4053035255?
4053035253
In base 9, what is -213 + 30767?
30554
In base 9, what is -2 + 12444343?
12444341
In base 16, what is -5 + 2cbfeb7?
2cbfeb2
In base 7, what is 60 - -36651?
40041
In base 12, what is 1b + -5327?
-5308
In base 2, what is 11110110 + 100011101110?
100111100100
In base 5, what is -43201304 - 200?
-43202004
In base 2, what is -1100 - 11110011111100011011000?
-11110011111100011100100
In base 6, what is 2234255 + 10550?
2245245
In base 7, what is -202 + 50016?
46514
In base 4, what is 13110122303 - 11?
13110122232
In base 10, what is 63 + -3861087?
-3861024
In base 11, what is 803605a + 7?
8036066
In base 15, what is -d4 + -10202d?
-102112
In base 12, what is b07 + -7a8?
31b
In base 10, what is 151 + 4369089?
4369240
In base 5, what is -20300223333 + -2?
-20300223340
In base 10, what is 6 + 88536418?
88536424
In base 9, what is 3512 + 2537?
6150
In base 7, what is 2323504 + 16?
2323523
In base 2, what is -11011010001 - -10001000?
-11001001001
In base 4, what is 1 + -2011100203?
-2011100202
In base 7, what is -11244 - 115265?
-126542
In base 6, what is 5 - 2122224024?
-2122224015
In base 16, what is 31ddf + 20?
31dff
In base 15, what is 10c - -2695?
27a2
In base 6, what is -204113 - -1245?
-202424
In base 5, what is 2123024143 + 31?
2123024224
In base 2, what is -100000100100111 - 10001101100?
-100010110010011
In base 7, what is -1001636 + -26?
-1001665
In base 3, what is 0 + 1102012102022001?
1102012102022001
In base 2, what is 101111101000001001010100010 + -1?
101111101000001001010100001
In base 5,